, 3*s + m - 29419 = 0. What are the prime factors of s?
2, 4903
Let a(g) = g**2 + 19*g + 52. Let u be a(-17). What are the prime factors of 279 - u - -1*(-2 - -1)?
2, 5, 13
List the prime factors of (-4 - (-16)/10)/((-36)/(-90)) - -50943.
3, 16979
Suppose -3*s + a + 541 = -5*s, -a = -2*s - 535. Let w = s - -798. What are the prime factors of w?
23
Let s = 48301 + -34392. What are the prime factors of s?
7, 1987
Suppose 15*c = 52723 + 10142. What are the prime factors of c?
3, 11, 127
Suppose 2*g + 8094 = -5*j + 128116, -j + 4 = 0. What are the prime factors of g?
29, 2069
Let n(g) = -g**2 - 79*g - 277. What are the prime factors of n(-65)?
3, 211
Suppose -127939 = -5*m + 3*b, 76*m - 80*m - 4*b + 102396 = 0. What are the prime factors of m?
2, 7, 457
Suppose -13*l - 2*l = -75. What are the prime factors of 1 - 59*(l + -6)?
2, 3, 5
Let z = -65863 + 93816. List the prime factors of z.
27953
Suppose -1634 = -8*j + 1182. What are the prime factors of ((-111)/(-6))/((-8)/j*-2)?
11, 37
Let x be (-12)/18 - -3*8/(-18). List the prime factors of (-57 - -19)*x*1.
2, 19
Let p(w) = w + 19. Let t be p(26). Suppose -5*m = -3*l - 171, -5*m = 2*l + t - 231. Suppose 34*x + 74 = m*x. List the prime factors of x.
37
Let f(x) = 295*x**2 + 6*x + 2. Let w be f(-1). Suppose 2*b = -5*n + 794, 7*b = 2*b + 5*n + 2055. Let t = b - w. What are the prime factors of t?
2, 29
Let l be (-77)/22*(-1 + -1). Suppose l*y = 3*y + k + 788, 0 = -y - k + 202. List the prime factors of y.
2, 3, 11
List the prime factors of -1 + 4 - (-8 + (-23807)/19).
2, 79
Suppose 0 = a + 3*l - 2, 0*a - 4*a + 8 = -4*l. Suppose 5*m + 116 = 3*h, 3*h = a*h - 2*m + 35. Let s = h - 29. What are the prime factors of s?
2
Let x = 11194 - -971. List the prime factors of x.
3, 5, 811
Let z(p) = -2*p**2 - 5*p - 7. Let d be z(-5). Suppose -7*f + 565 - 180 = 0. Let q = d + f. What are the prime factors of q?
23
Let k(v) = v**3 - 25*v**2 + 85*v - 19. Let j be k(21). List the prime factors of (9/(-6))/3 - (-1861)/j.
2, 3, 5, 31
Let u = 616 + -282. Suppose -2*i = 42 - u. What are the prime factors of i/4 + 5/(-10)?
2, 3
Suppose 0 = -142*h + 69161 + 65585 + 48718. What are the prime factors of h?
2, 17, 19
What are the prime factors of 28/(-21)*(-43140)/40?
2, 719
Let p = 122 - 117. Let v be (9/p)/(30/250). Suppose 3*n - 248 = -4*d, 11*d + 268 = v*d - 2*n. List the prime factors of d.
5, 13
Let c be (-5 + 18)*8/(-2). Let h = 25 + c. What are the prime factors of (-11 + h)*(1 - 3)?
2, 19
Let t(x) = x**2 + 27*x + 58. Let b be t(-23). Let j(z) = -z**3 - 36*z**2 - 69*z - 27. What are the prime factors of j(b)?
7
Let b(z) = -z**2 + 36*z + 17. Suppose -13*g + 71 = -124. What are the prime factors of b(g)?
2, 83
Suppose 95*y - 12*y - 1912224 = -13*y. List the prime factors of y.
19919
Suppose 18 = -2*c + 2*w, -2*w = -c - 4*c - 33. What are the prime factors of ((c - -11) + 32)/(2/29)?
19, 29
Suppose -229*f + 75 = -214*f. List the prime factors of ((4 - f)*454)/(-1).
2, 227
What are the prime factors of (54/(-270))/((-1)/23830)?
2, 2383
Let h = -46 + 394. Suppose -5*g = g + h. List the prime factors of (38*(-6)/4)/(87/g).
2, 19
Suppose 4*m - 383 = 413. Let v(q) = 3 + 204*q + 2 - 3 + q**2 - m*q. What are the prime factors of v(-6)?
2
Let p(o) = 568*o - 4969. What are the prime factors of p(63)?
5, 6163
Let p be (-11678)/(-5) + (-52)/(-130). Suppose 9*h + p = 6566. List the prime factors of h.
2, 5, 47
Let p be (-3)/(-6)*(-31*4 + 2). Let u = p - 106. Let t = 314 + u. List the prime factors of t.
3, 7
Let q(b) = 21500*b**2 - 630*b. List the prime factors of q(2).
2, 5, 19, 223
Suppose 9*u = -v + 709, -5*u - 2*v + 92 = -4*u. Suppose -y = -5*r - 4*y - 191, -4 = 2*y. Let i = r + u. What are the prime factors of i?
41
Let a(i) = -283 + 282 - 3*i - 241*i**3 - i**2 + 4*i - 4*i. Let n be a(-1). Suppose -4*y - 2*h = -1010, -y - 3*h + n = h. List the prime factors of y.
2, 127
Suppose -4*f - 1044*a + 1040*a + 171020 = 0, 0 = 5*f - a - 213805. What are the prime factors of f?
2, 5, 1069
Suppose p = -k - 15, 0 = 3*p - 3*k - 2*k + 53. Let n(i) be the third derivative of -11*i**4/24 - 7*i**3/3 - 7*i**2. What are the prime factors of n(p)?
2, 3
Let w be 3/24 + 315/40. Let a = 3 - w. What are the prime factors of (-2)/(-5) - 63/a?
13
Let q be 846/(-4)*((-98)/(-42) - 1). Let f = q + 346. List the prime factors of f.
2
Let b = -44 + 49. Suppose 0 = -b*k - 748 - 677. What are the prime factors of -2*3/(18/k)?
5, 19
What are the prime factors of ((-17)/(765/36))/(6/(-38145))?
2, 2543
Let p(m) = 150*m**2 + 4*m - 4. Let s = 65 + -67. Let a be -3 - (s/(-2) + -5). List the prime factors of p(a).
2, 3, 5
Suppose 0 = 5*p + 26 - 11. What are the prime factors of (661 - (-9 + -4 + 8)) + p?
3, 13, 17
Suppose 15 + 7 = c + v, v = 4*c - 63. Let q(x) = 17*x + 55. List the prime factors of q(c).
2, 43
Let d = -109 + 582. Let f = d - 120. What are the prime factors of f?
353
Suppose -124680 = -46*j + 394798. List the prime factors of j.
23, 491
What are the prime factors of (7179/6)/(7/70)?
5, 2393
Let h(d) = -13*d - 251. Let u be h(-21). Suppose -t - m + 1381 = 0, -u*m + 19*m + 1373 = t. What are the prime factors of t?
5, 277
Let p = -3337 - -4251. List the prime factors of p.
2, 457
Let s be -251*5/10*8/(-4). Let z = s - -20. What are the prime factors of z?
271
Suppose -53*l = -6*v - 48*l + 243989, -4*v + l + 162643 = 0. What are the prime factors of v?
3, 13553
Let h(z) be the second derivative of 7*z**5/5 - 2*z**3/3 + 3*z**2/2 - 2*z. Let k be h(2). Let u = 307 - k. What are the prime factors of u?
2, 11
Suppose 4*j + 34 = 2*r, -2*r - 7 = -2*j - 31. Let l(v) = v. Let q(m) = -3*m - 16. Let s(c) = 3*l(c) - q(c). What are the prime factors of s(r)?
2, 29
Let i = 36014 + -3357. What are the prime factors of i?
17, 113
Let i = -185 - -320. Let a = -112 + i. What are the prime factors of a?
23
Let z(a) = -a**3 - 13*a**2 + 4*a + 7. Let r be z(-14). Suppose r = 347*w - 346*w. List the prime factors of w.
3, 7
Let p = 66 + -64. Suppose 3*l - 5*j = -1, p*j - 21 = -5*l - j. Suppose -677 = -5*m + l*n, 2*m = -m + 4*n + 415. What are the prime factors of m?
7, 19
Suppose -6*u + 35 = -1. Suppose -m = -4*d - 501, -2*d = -u*d - 4. Let g = -322 + m. What are the prime factors of g?
5, 7
What are the prime factors of 3/(-7) + (-994650)/(-210) - 3?
4733
Let z(p) = 2*p - 1. Let s be z(1). What are the prime factors of (16/(-40))/(s/(-855))?
2, 3, 19
Suppose 0 = -14*l + 68 - 12. Suppose l*m - b = 2271, 2*m - 3*b = -582 + 1715. List the prime factors of m.
2, 71
Let h be (-2 - 32/(-14)) + 38/14. Suppose -c + 0*c = 4*v - 465, -1411 = -h*c + 4*v. Suppose -4*z - 3*z + c = 0. What are the prime factors of z?
67
Suppose -692 = -2*v - 4*s, 183 = v - 2*s - 159. What are the prime factors of v?
2, 43
What are the prime factors of (-6476)/18*(-12978)/103?
2, 7, 1619
Let r(u) = -u**2 - 8*u + 6. Let j be r(-8). Let c be (0 - 87/j)*2. Let w = 72 + c. List the prime factors of w.
43
Let q(i) = 13*i**2 + 2*i - 4. Let r be 2 - (0 + 2 + 3). List the prime factors of q(r).
107
List the prime factors of (-112)/(-84) - (184596/(-9) + -3).
5, 11, 373
Let d = -18 - -45. Suppose 66*g = 61*g + 85. Suppose 26*z = d*z - g. What are the prime factors of z?
17
Suppose -3*b - b = -5*b. Suppose b = -6*s + 1048 + 1382. What are the prime factors of s?
3, 5
Let a(s) = 4*s**2 + 2*s. Let q be a(-1). Suppose 689 = q*v + 5*p, -5*p + 2*p = v - 345. Suppose 4*h - v = 2*h. What are the prime factors of h?
3, 19
Let v = 17014 + -10333. List the prime factors of v.
3, 17, 131
Let y be 46/10 - (-6)/(-10). Suppose 10*m = g + 7*m - 52, -m = -y*g + 153. What are the prime factors of g?
37
Let l = 19197 + 5488. What are the prime factors of l?
5, 4937
Suppose 175 - 3729 = 5*y + z, 3559 = -5*y + 4*z. Let a = 884 + y. List the prime factors of a.
173
Let z(x) = 882*x**2 + 912*x + 6325. List the prime factors of z(-7).
43159
List the prime factors of 7 - (-9 + -40222) - -3*10/(-6).
3, 13411
Suppose -151 = -4*h - 591. Let f = -51 - h. Let w = 100 - f. What are the prime factors of w?
41
Let v = -49747 - -92981. List the prime factors of v.
2, 21617
Let t = -3626 + 6508. What are the prime factors of t?
2, 11, 131
Let w(p) = 5*p**2 + 2*p - 1. Let a be w(1). List the prime factors of a*(-1)/2 + 187.
2, 23
Let y = -21 + 278